e j(-4).
17
Let d(k) = k - 3. Let n(y) = 1. Let c(w) = -d(w) - 3*n(w). Determine c(10).
-10
Let a be 3/((-7)/((-245)/15)). Let z(g) = g**2 - 8*g + 9. Calculate z(a).
2
Let m(q) = -q + 18. Let t be m(8). Let k = t + -5. Let p(a) = k*a - 2 + 6 - 6*a. What is p(-6)?
10
Let d(q) = -2*q**3 + q**3 + 5*q + 25*q**2 - 20*q**2. Determine d(6).
-6
Let l(k) = -k**3 - 3*k**2 + 2*k + 1. Let q be 6 + 10*(-3)/3. Determine l(q).
9
Let n = -2 + 1. Suppose 2*x + 67 = 4*i - 105, -x + 86 = 2*i. Let r(b) = -b**2 + 43*b - b**3 - i*b. Determine r(n).
0
Suppose -20 = -45*h + 115. Let r(m) = 9*m + 2. Calculate r(h).
29
Let t(i) = -i - 29. Suppose 0 = -12*d + 19*d. Determine t(d).
-29
Let x(o) = -o**2 - 16*o - 37. Let n be x(-13). Let k(m) = 4 + 6*m - n*m - 3*m - 3*m. Give k(3).
-2
Let c(j) = 8*j**3 + 4*j**2. Let h(z) = 7*z**3 + 4*z**2 - z - 1. Let x(g) = -6*c(g) + 7*h(g). Determine x(-5).
3
Let q(k) = k**2 - 5*k + 3. Suppose 21*s + 5*p = 18*s + 22, 5*p + 2 = 3*s. Calculate q(s).
-1
Let u(z) = 5*z + 5*z + 12*z - 20*z + 5*z. Give u(2).
14
Let k(h) = -3*h**3 - h**2 + 2*h - 1. Let i(y) = -14*y**3 - 2*y**2 + 12*y - 7. Let d(v) = i(v) - 5*k(v). Give d(-3).
-8
Let v(w) = -82*w**2 - 94*w**2 - 5*w + w**3 + 179*w**2. What is v(-4)?
4
Let l be 4/(-3)*(-6)/4. Let y = l - -2. Let f(x) = x + y*x - 4*x + 5. Calculate f(-6).
-1
Let c(x) = 3 + 12*x + 10 - 26*x + 19*x. What is c(5)?
38
Let h(b) = -2*b**2 + 5*b**3 - 1 - 14*b**3 + 2*b**2. Let y(m) = 3*m - 3. Let a be y(2). Suppose -5*r = 2 + a. Determine h(r).
8
Let r = -21 + 34. Suppose 2*a = -4*d + 11 + r, -d + a = 0. Let i(x) = 6*x + 10. Let g(z) = -5*z - 9. Let s(b) = -7*g(b) - 6*i(b). Determine s(d).
-1
Let y(f) = 7*f + 4. Let c = 70 + -67. Let l be 3/2*(-5 + c). Give y(l).
-17
Let k(j) = -3*j - 36. Let d be k(-12). Let i(r) = 14*r**3 - 7*r - 6*r**2 - r**3 - 9 - 12*r**3 + d*r**3. Determine i(7).
-9
Let u(k) = -2 - 6*k**2 + 8*k + 2*k**2 + 3*k**2 - 12*k. Give u(-5).
-7
Let q(z) = -1. Let w(a) = -a + 3 + 3 + 3. Let j be 148/6 + (-2)/3. Let d(y) = j*q(y) + 3*w(y). Calculate d(2).
-3
Suppose -3 = u, -u + 4*u = 2*m - 25. Let i(v) = -3*v - 7. Let c(d) = 4*d + 6. Let p(g) = -4*c(g) - 5*i(g). Calculate p(m).
3
Suppose 5*p + 90 = -100. Let o = -44 - p. Let w(v) = -v**3 - 5*v**2 + 7*v + 5. What is w(o)?
-1
Let s(w) = w**2 + 8*w. Suppose -14 = y + 9. Let k = y - -16. Calculate s(k).
-7
Let z be 5 + 6*(7/2 - 4). Let h(m) = -3*m**3 + 2*m**2 - 4*m + 1. Let n(j) = -2*j**3 + j**2 - 3*j + 1. Let y(x) = -4*h(x) + 5*n(x). Calculate y(z).
7
Let k(a) = -3*a**2 - 5*a. Let j(h) = h**2 - h. Suppose -3 = 3*l - 60. Suppose 4*r = 4*u + u - l, -3*r = 4*u - 9. Let w(f) = r*k(f) - 2*j(f). Give w(-6).
-6
Suppose 5*w = -2*z + 28, w - 2*z - 3 = 5. Suppose 0 = -w*m + 2*m + 24. Suppose m*t = t. Let q(b) = -b**3 - b**2 + 4. Give q(t).
4
Let s(c) = -6 + 6*c**2 - c**3 + c + 0*c**2 - 5*c**2. Let k be ((-2)/(-4))/(3/36). Suppose -k*p = -p. Give s(p).
-6
Let i(t) be the second derivative of 7*t**3/6 + 12*t. Let g(y) = y**3 - 15*y**2 - 15*y - 18. Let x be g(16). Calculate i(x).
-14
Let o(b) = -b**3 + 9*b**2 + b - 11. Let h(u) = -u**2 + u + 1. Let f(i) = -h(i) - o(i). Let y(z) = -11*z + 8. Let p be y(0). Give f(p).
-6
Let y(o) = -o**2 + 21*o - 77. Let z be y(17). Let g(f) = f**3 + 10*f**2 + 7*f - 9. Calculate g(z).
9
Let t = 65 - 56. Let z(r) = -10 + t + r**2 + 2*r + 2*r. Calculate z(-4).
-1
Let y(j) = -3*j**3 + j**2 + 3*j - 2. Suppose -2*u - 23 + 47 = 0. Suppose -u = -l - 5*l. What is y(l)?
-16
Let t(k) be the second derivative of -k**5/20 + 11*k**4/12 + k**3/6 - 7*k**2/2 - 27*k. What is t(11)?
4
Let n(b) = 2*b - 6. Let h be n(4). Let t(j) be the third derivative of -5*j**4/12 + 76*j**2. Determine t(h).
-20
Let d(r) be the third derivative of -r**5/60 - r**4/6 - r**3/2 - 5*r**2. Let i = -701 - -699. Give d(i).
1
Let d(k) = 3*k**2 - 28*k + 8. Let t(n) = -6*n**2 + 56*n - 16. Let l(a) = 11*d(a) + 6*t(a). Let q be l(9). Let h(c) = -4*c - 1 + 0 + 2. Give h(q).
-3
Let c(f) = 5*f**2 - 7*f. Let n(y) = -9*y**2 + 13*y. Let m = 33 + -22. Let i(d) = m*c(d) + 6*n(d). Let w be 6*(3/(-2))/3. What is i(w)?
6
Let z(x) = x**2 - 6*x - 12. Let a be z(7). Let m(o) be the second derivative of -o**4/12 - 2*o**3/3 + 3*o**2/2 - 8*o + 2. Give m(a).
-2
Suppose 3*c - 7*c - 4 = 0. Let m be 1*1/(c/4). Let i(u) = -u + 3. Let z(v) = v - 2. Let f(l) = m*z(l) - 3*i(l). Give f(5).
-6
Let n(w) = -17*w + 2. Let q(z) = 166*z - 1163. Let o be q(7). What is n(o)?
19
Let q be 5 - (-1 + (-3 - 0)). Let a(j) = -j**2 + 10*j - 9. Give a(q).
0
Let h(o) = o**2 - 4*o - 3. Let y be h(5). Suppose -10 = -2*d - 2*d - 5*n, -y*d = -5*n - 20. Let u(b) = 4 + 5 - b + 4 - 6. What is u(d)?
2
Suppose 7*k = 2*k - 5. Suppose 3*n = -0*n - 21. Let d = k - n. Let w(p) = -p**2 + 3*p + 1. Give w(d).
-17
Let q(b) = -14 + 13*b**2 - 15*b**2 + 3*b**2 + 16*b. Calculate q(-17).
3
Suppose -19*w = -9*w - 140. Let v be (w + -4)*7/(70/(-4)). Let l(s) = 2*s**2 + 5*s + 6. Determine l(v).
18
Let j(o) = 3*o + 28. Let h(r) = 5*r + 34. Let d(k) = 2*h(k) - 3*j(k). Calculate d(9).
-7
Suppose -4*n + 1 + 7 = -5*c, 0 = 3*c. Let r = -551 + 553. Suppose -6 + 0 = n*x - 3*g, 0 = 4*x + r*g - 20. Let v(w) = -w**3 + 3*w**2 + 3*w - 2. What is v(x)?
7
Let k(v) = -5*v**2 + 1. Suppose -5 = -18*y + 13*y. Determine k(y).
-4
Let k(b) = -b**3 + 4*b**2 - 7*b + 8. Let u be k(2). Let x(q) = -6*q + 2. What is x(u)?
-10
Suppose 185*a + 14 = 183*a. Let s(n) = n**3 + 6*n**2 - 6*n + 7. Determine s(a).
0
Let y(k) = -k**3 - 7*k**2 + 8*k + 1. Let n be 3/4*(-32)/(-8). Let x be 10*(-1)/2 - n. Determine y(x).
1
Suppose 4*s + 10 = 5*s. Let h(r) = -2*r**3 + 12*r + 2 - s*r - 3 + 0. What is h(1)?
-1
Let c(b) be the first derivative of -b**3/3 - 11*b**2/2 - 13*b - 67. Give c(-10).
-3
Suppose -4*z - 4 = -4*h - 0*h, 0 = 5*h + 2*z - 12. Suppose 4*n = 5*n - 3*m, 0 = h*n - 5*m. Let d(g) = 7 - 4 - 4*g - 4 + 3*g. What is d(n)?
-1
Let j(g) = g**3 + g**2 - 2*g. Let n(k) = k. Let v(x) = 2*j(x) + 5*n(x). Let b(w) = 55*w + 329. Let d be b(-6). Give v(d).
-1
Let c(a) = -2*a + 5. Let r be 4 - 6/(-9)*3. Calculate c(r).
-7
Let m be ((-4)/70)/((-204)/119). Let d(y) be the third derivative of -1/3*y**3 + 0 - y**2 - 1/24*y**4 - 1/120*y**6 - m*y**5 + 0*y. What is d(-2)?
0
Let m(u) = -4*u**3 - u**2 - 6*u + 3. Let d(b) = -13*b**3 - 3*b**2 - 16*b + 8. Let k(w) = -3*d(w) + 8*m(w). Determine k(-1).
-6
Let h(z) = 2*z**3 - 4*z**2 + 3*z - 2. Suppose -37*k + 28 = -33*k. Let m = 7 - k. Suppose -3*x + 6 = -m*x. Determine h(x).
4
Let u(o) = 7*o**2 - o - 1. Let x(b) = -b**2 - 9*b + 13. Let z = -24 - -14. Let h be x(z). Let v = h + -4. Give u(v).
7
Let k(q) = 12*q**3 + q**2 - q - 1. Suppose 9 = -13*t - 4. Determine k(t).
-11
Let s be (-1 - -6) + ((-12)/4)/(-3). Suppose -9*r = s + 3. Let w(p) = -14*p - 1. Determine w(r).
13
Let b = 19 - 18. Let d(y) = 4 + 0*y - b + 2*y - 2. Suppose -25 = 5*s + 2*c, -2*s - s = -2*c + 15. Give d(s).
-9
Suppose 0 = -u + 3*u + 4. Let m be (1/u)/(3/(-30)). Let z(d) = d**3 + 4*d**2 + 4*d - m*d - 2*d**2. What is z(1)?
2
Let o(g) = -g - 3. Suppose -2*y = 2*y + 4*f - 12, 3*f - 17 = -4*y. Suppose 3*w + 3*k = -k - 12, 2*w - 4*k = -y. Calculate o(w).
1
Let g(a) = -a**3 + 5*a**2 + 12*a + 7. Let c(f) = -f**3 + 5*f**2 + 13*f + 8. Let w(d) = -5*c(d) + 6*g(d). What is w(7)?
-47
Let r be (-12)/15*(-15)/6. Suppose -d + x = 8, -r*d + 0*d - x = 1. Let l(m) = m**2 + 5*m + 4. Calculate l(d).
-2
Let a(y) = 3*y + 3. Let q = -64 - -68. Let i(z) = 8*z + 9. Let v(d) = q*i(d) - 11*a(d). Calculate v(3).
0
Suppose -2 = -2*z, 0*z = 3*i - 3*z - 3. Let h(s) = -3 - 5*s**2 + 2*s**3 + s + 3*s**i - 3*s**3. Calculate h(-3).
3
Let d(c) = 4*c**2 - 3*c**2 - 9*c + 29 - 67 + 43. Calculate d(9).
5
Let v(u) be the third derivative of 0 + 0*u - 1/24*u**4 + 5*u**2 + 2/3*u**3. What is v(5)?
-1
Let m(v) = 7*v + 4*v**2 - 233 - 3*v**2 + 230 + 0*v**2. Determine m(-8).
5
Let i(o) be the second derivative of -o**4/12 - o**3/6 - 29*o**2/2 - 93*o. Determine i(0).
-29
Suppose 0 = 3*w + 5*c - 24, w - 9 = -w - c. Let v = 9 - w. Suppose o = v*o. Let u(a) = a - 5. What is u(o)?
-5
Let j be (45/12 - 4)*(3 + -11). Let m(x) = 5*x**2 - 2716*x**3 - 7*x + 2717*x**3 + x**j + 1. Let k(l) = -l - 2. Let g be k(5). Give m(g).
1
Let i(q) = -q**3 + 23*q**2 - 22*q + 6. Suppose 10*u - 17 = 203. Let n be i(u). Let a(l) = l**2 - 5*l - 1. Calculate a(n).
5
Suppose -f - 5